 440?
0
What is the thousands digit of 5827?
5
What is the tens digit of 573?
7
What is the units digit of 2099?
9
What is the tens digit of 575?
7
What is the units digit of 7784?
4
What is the hundreds digit of 1514?
5
What is the thousands digit of 8542?
8
What is the units digit of 585?
5
What is the units digit of 7118?
8
What is the units digit of 2269?
9
What is the ten thousands digit of 21462?
2
What is the hundreds digit of 674?
6
What is the thousands digit of 6849?
6
What is the thousands digit of 48122?
8
What is the hundreds digit of 36219?
2
What is the thousands digit of 5155?
5
What is the units digit of 3692?
2
What is the hundreds digit of 12462?
4
What is the tens digit of 90?
9
What is the tens digit of 3737?
3
What is the hundreds digit of 322?
3
What is the tens digit of 7275?
7
What is the hundreds digit of 606?
6
What is the hundreds digit of 9803?
8
What is the tens digit of 9226?
2
What is the tens digit of 102?
0
What is the tens digit of 3816?
1
What is the tens digit of 1626?
2
What is the units digit of 27060?
0
What is the units digit of 72?
2
What is the units digit of 358?
8
What is the hundreds digit of 16873?
8
What is the hundreds digit of 2208?
2
What is the ten thousands digit of 25144?
2
What is the ten thousands digit of 13329?
1
What is the ten thousands digit of 76622?
7
What is the thousands digit of 21684?
1
What is the thousands digit of 20370?
0
What is the thousands digit of 8407?
8
What is the ten thousands digit of 17047?
1
What is the hundreds digit of 900?
9
What is the tens digit of 110749?
4
What is the hundreds digit of 50082?
0
What is the hundreds digit of 121394?
3
What is the units digit of 21776?
6
What is the units digit of 405?
5
What is the units digit of 2361?
1
What is the hundreds digit of 17650?
6
What is the thousands digit of 3174?
3
What is the units digit of 10098?
8
What is the tens digit of 87?
8
What is the hundreds digit of 354?
3
What is the hundreds digit of 25775?
7
What is the hundreds digit of 148?
1
What is the hundreds digit of 8657?
6
What is the tens digit of 268?
6
What is the tens digit of 32948?
4
What is the thousands digit of 10770?
0
What is the tens digit of 103166?
6
What is the ten thousands digit of 11370?
1
What is the units digit of 1389?
9
What is the hundreds digit of 24847?
8
What is the hundreds digit of 47877?
8
What is the hundreds digit of 6780?
7
What is the units digit of 929?
9
What is the thousands digit of 3291?
3
What is the tens digit of 2156?
5
What is the tens digit of 15208?
0
What is the units digit of 6467?
7
What is the tens digit of 3108?
0
What is the units digit of 5457?
7
What is the thousands digit of 72773?
2
What is the units digit of 2145?
5
What is the tens digit of 4627?
2
What is the ten thousands digit of 47023?
4
What is the units digit of 1137?
7
What is the tens digit of 995?
9
What is the tens digit of 8203?
0
What is the hundreds digit of 900?
9
What is the ten thousands digit of 42157?
4
What is the tens digit of 172?
7
What is the tens digit of 40067?
6
What is the hundreds digit of 386?
3
What is the units digit of 122917?
7
What is the hundreds digit of 8037?
0
What is the thousands digit of 134831?
4
What is the tens digit of 136?
3
What is the hundreds digit of 1318?
3
What is the units digit of 4518?
8
What is the units digit of 50541?
1
What is the thousands digit of 1075?
1
What is the thousands digit of 29353?
9
What is the tens digit of 24291?
9
What is the units digit of 6033?
3
What is the tens digit of 2045?
4
What is the thousands digit of 53813?
3
What is the hundreds digit of 80046?
0
What is the hundreds digit of 3411?
4
What is the hundreds digit of 1637?
6
What is the hundred thousands digit of 176211?
1
What is the hundreds digit of 2888?
8
What is the tens digit of 43561?
6
What is the units digit of 52819?
9
What is the tens digit of 16196?
9
What is the units digit of 2303?
3
What is the hundreds digit of 102?
1
What is the hundreds digit of 32549?
5
What is the units digit of 1773?
3
What is the ten thousands digit of 19560?
1
What is the thousands digit of 7312?
7
What is the units digit of 7099?
9
What is the tens digit of 1558?
5
What is the tens digit of 224?
2
What is the ten thousands digit of 143401?
4
What is the units digit of 93?
3
What is the tens digit of 1381?
8
What is the hundreds digit of 40873?
8
What is the tens digit of 141?
4
What is the ten thousands digit of 61279?
6
What is the hundreds digit of 5390?
3
What is the ten thousands digit of 55844?
5
What is the hundreds digit of 3270?
2
What is the units digit of 2320?
0
What is the hundreds digit of 7055?
0
What is the tens digit of 13138?
3
What is the thousands digit of 5792?
5
What is the tens digit of 2644?
4
What is the units digit of 1052?
2
What is the ten thousands digit of 25380?
2
What is the ten thousands digit of 80703?
8
What is the thousands digit of 9457?
9
What is the thousands digit of 31166?
1
What is the ten thousands digit of 49653?
4
What is the units digit of 4547?
7
What is the hundreds digit of 20486?
4
What is the hundreds digit of 716?
7
What is the units digit of 80345?
5
What is the units digit of 9043?
3
What is the units digit of 749?
9
What is the tens digit of 7055?
5
What is the hundreds digit of 140?
1
What is the units digit of 1897?
7
What is the thousands digit of 2731?
2
What is the units digit of 156?
6
What is the units digit of 2223?
3
What is the units digit of 1148?
8
What is the thousands digit of 7159?
7
What is the thousands digit of 4926?
4
What is the ten thousands digit of 76666?
7
What is the units digit of 31332?
2
What is the hundreds digit of 8180?
1
What is the ten thousands digit of 35933?
3
What is the thousands digit of 106751?
6
What is the tens digit of 2876?
7
What is the tens digit of 18?
1
What is the units digit of 1201?
1
What is the units digit of 3619?
9
What is the ten thousands digit of 15147?
1
What is the units digit of 1331?
1
What is the hundreds digit of 3390?
3
What is the units digit of 13709?
9
What is the units digit of 843?
3
What is the hundreds digit of 14962?
9
What is the hundreds digit of 8802?
8
What is the tens digit of 3224?
2
What is the thousands digit of 7074?
7
What is the hundreds digit of 709?
7
What is the units digit of 11107?
7
What is the units digit of 1790?
0
What is the ten thousands digit of 25535?
2
What is the ten thousands digit of 22805?
2
What is the ten thousands digit of 63628?
6
What is the hundreds digit of 6619?
6
What is the thousands digit of 20304?
0
What is the units digit of 75263?
3
What is the thousands digit of 6219?
6
What is the thousands digit of 3877?
3
What is the units digit of 2095?
5
What is the thousands digit of 29113?
9
What is the units digit of 22051?
1
What is the tens digit of 4819?
1
What is the tens digit of 86?
8
What is the tens digit of 2925?
2
What is the hundreds digit of 919?
9
What is the units digit of 2122?
2
What is the tens digit of 318?
1
What is the hundreds digit of 35932?
9
What is the thousands digit of 8298?
8
What is the tens digit of 246?
4
What is the hundreds digit of 913?
9
What is the units digit of 2246?
6
What is the units digit of 3799?
9
What is the thousands digit of 10585?
0
What is the tens digit of 6856?
5
What is the units digit of 44762?
2
What is the tens digit of 1318?
1
What is the hundreds digit of 2454?
4
What is the tens digit of 1625?
2
What is the units digit of 1354?
4
What is the units digit of 935?
5
What is the units digit of 2945?
5
What is the tens digit of 7254?
5
What is the hundreds digit of 1614?
6
What is the units digit of 933?
3
What is the hundreds digit of 6813?
8
What is the tens digit of 1164?
6
What is the hundreds digit of 8197?
1
What is the tens digit of 15059?
5
What is the hundreds digit of 1592?
5
What is the hundreds digit of 8912?
9
What is the hundreds digit of 19482?
4
What is the tens digit of 760?
6
What is the hundreds digit of 1297?
2
What is the units digit of 116568?
8
What is the units digit of 46990?
0
What is the units digit of 1146?
6
What is the units digit of 24060?
0
What is the thousands digit of 1125?
1
What is the units digit of 14149?
9
What is the thousands digit of 6808?
6
What is the thousands